{"id":48,"date":"2018-01-15T14:17:26","date_gmt":"2018-01-15T14:17:26","guid":{"rendered":"http:\/\/tonart.h2798682.stratoserver.net\/?page_id=48"},"modified":"2023-03-12T11:22:07","modified_gmt":"2023-03-12T11:22:07","slug":"leitung-2","status":"publish","type":"page","link":"https:\/\/tonart-leipzig.de\/?page_id=48","title":{"rendered":"Robert Kr\u00f6ger (2008-18)"},"content":{"rendered":"<p>Robert Kr\u00f6ger wurde 1976 geboren. Seine musikalische Ausbildung genoss er am Musik\u00adzweig des <a href=\"http:\/\/www.latina-halle.de\/\" target=\"_blank\" rel=\"noopener\">Landesgymnasiums Latina<\/a> \u201eAugust Hermann Francke\u201c seiner Heimatstadt Halle (Saale). An der <a href=\"http:\/\/www.uni-leipzig.de\/\" target=\"_blank\" rel=\"noopener\">Universit\u00e4t Leipzig<\/a> studierte er Rechtswissenschaften, Informatik und Musik\u00adwissenschaft im Nebenfach. W\u00e4hrend dieser Zeit studierte er Chorleitung bei Uni\u00adver\u00adsi\u00adt\u00e4ts\u00admusikdirektor Prof.&nbsp;Wolfgang Unger und leitete Registerproben des <a href=\"http:\/\/www.uni-leipzig.de\/unichor\" target=\"_blank\" rel=\"noopener\">Leipziger Universit\u00e4ts\u00adchores<\/a>, f\u00fcr den er auch als studentische Hilfskraft arbeitete. An der Seite Ungers unter\u00adrich\u00adtete er sp\u00e4ter Chorleitung am Institut f\u00fcr Musikwissenschaft und be\u00adtreu\u00adte die Lehr\u00adver\u00adanstaltungen des Studiochores.<\/p>\n<p>Robert Kr\u00f6ger studierte Tontechnik an der <a href=\"http:\/\/leipzig.sae.edu\/\" target=\"_blank\" rel=\"noopener\">School for Audio Engineering<\/a> (SAE) in Leipzig und arbeitete als <a href=\"http:\/\/www.imdb.de\/title\/tt1194482\/fullcredits\" target=\"_blank\" rel=\"noopener\">Produktionsassistent<\/a> u.a. f\u00fcr <a href=\"http:\/\/www.accentus.com\/\" target=\"_blank\" rel=\"noopener\">Accentus Music<\/a> oder <a href=\"http:\/\/www.euroarts.com\/\" target=\"_blank\" rel=\"noopener\">EuroArts Music International<\/a>, f\u00fcr die er auch als Sound Technician an verschiedenen Pro\u00adduk\u00adtionen beteiligt war (u.a. Abbado <a href=\"http:\/\/www.amazon.de\/Bach-Johann-Sebastian-Brandenburgische-Konzerte\/dp\/B001F1YBPI\/ref=sr_1_1\" target=\"_blank\" rel=\"noopener\">\u201eBrandenburgische Konzerte\u201c<\/a>, Barenboim Gesamt\u00adaufnahme der <a href=\"http:\/\/www.amazon.de\/Beethoven-Piano-Concertos-Daniel-Barenboim\/dp\/B000WXR4VS\/ref=pd_sim_d_2\" target=\"_blank\" rel=\"noopener\">Beethoven-Klavierkonzerte<\/a>, New York Philharmonic <a href=\"http:\/\/www.amazon.de\/Pyongyang-Concert-York-Philharmonic-Blu-ray\/dp\/B001DELX1M\/ref=sr_1_1\" target=\"_blank\" rel=\"noopener\">\u201eThe Pyongyang Concert\u201c<\/a>).<\/p>\n<p>Im Herbst 2008 \u00fcbernahm Robert Kr\u00f6ger die Leitung des Ensembles TonART Leipzig, das ihn im Januar 2009 zu seinem k\u00fcnstlerischen Leiter w\u00e4hlte. Dar\u00fcber hinaus ist er Ensemblemitglied der <a title=\"externer URI: amici musicae\" href=\"http:\/\/www.amici-musicae.de\/\" target=\"_blank\" rel=\"noopener\">\u201eamici musicae&nbsp;\u00b7 Chor&nbsp;&amp; Orchester\u201c<\/a> Leipzig und war von 2010 bis 2017 k\u00fcnstlerischer Leiter des Kammerchores <a href=\"http:\/\/www.vochales.de\/\" target=\"_blank\" rel=\"noopener\">\u201evocHALes\u201c<\/a> Halle (Saale).<\/p>\n","protected":false},"excerpt":{"rendered":"<p>Robert Kr\u00f6ger wurde 1976 geboren. Seine musikalische Ausbildung genoss er am Musik\u00adzweig des Landesgymnasiums Latina \u201eAugust Hermann Francke\u201c seiner Heimatstadt Halle (Saale). An der Universit\u00e4t Leipzig studierte er Rechtswissenschaften, Informatik und Musik\u00adwissenschaft im Nebenfach. W\u00e4hrend dieser Zeit studierte er Chorleitung bei Uni\u00adver\u00adsi\u00adt\u00e4ts\u00admusikdirektor Prof.&nbsp;Wolfgang Unger und leitete Registerproben des Leipziger Universit\u00e4ts\u00adchores, f\u00fcr den er auch als&hellip; <br \/> <a class=\"button small blue\" href=\"https:\/\/tonart-leipzig.de\/?page_id=48\">Weiterlesen<\/a><\/p>\n","protected":false},"author":1,"featured_media":705,"parent":0,"menu_order":0,"comment_status":"closed","ping_status":"closed","template":"","meta":{"footnotes":""},"class_list":["post-48","page","type-page","status-publish","has-post-thumbnail","hentry"],"_links":{"self":[{"href":"https:\/\/tonart-leipzig.de\/index.php?rest_route=\/wp\/v2\/pages\/48","targetHints":{"allow":["GET"]}}],"collection":[{"href":"https:\/\/tonart-leipzig.de\/index.php?rest_route=\/wp\/v2\/pages"}],"about":[{"href":"https:\/\/tonart-leipzig.de\/index.php?rest_route=\/wp\/v2\/types\/page"}],"author":[{"embeddable":true,"href":"https:\/\/tonart-leipzig.de\/index.php?rest_route=\/wp\/v2\/users\/1"}],"replies":[{"embeddable":true,"href":"https:\/\/tonart-leipzig.de\/index.php?rest_route=%2Fwp%2Fv2%2Fcomments&post=48"}],"version-history":[{"count":2,"href":"https:\/\/tonart-leipzig.de\/index.php?rest_route=\/wp\/v2\/pages\/48\/revisions"}],"predecessor-version":[{"id":1256,"href":"https:\/\/tonart-leipzig.de\/index.php?rest_route=\/wp\/v2\/pages\/48\/revisions\/1256"}],"wp:featuredmedia":[{"embeddable":true,"href":"https:\/\/tonart-leipzig.de\/index.php?rest_route=\/"}],"wp:attachment":[{"href":"https:\/\/tonart-leipzig.de\/index.php?rest_route=%2Fwp%2Fv2%2Fmedia&parent=48"}],"curies":[{"name":"wp","href":"https:\/\/api.w.org\/{rel}","templated":true}]}}