{"id":773,"date":"2018-09-28T14:07:31","date_gmt":"2018-09-28T13:07:31","guid":{"rendered":"http:\/\/tonart.h2798682.stratoserver.net\/?page_id=773"},"modified":"2018-09-28T14:07:31","modified_gmt":"2018-09-28T13:07:31","slug":"benedikt-kantert","status":"publish","type":"page","link":"https:\/\/tonart-leipzig.de\/?page_id=773","title":{"rendered":"Benedikt Kantert (2018-19)"},"content":{"rendered":"<p class=\"card-text\">Benedikt Kantert ist 1995 in Nordhessen geboren. Erste musikalische Impulse erh\u00e4lt er bereits im Alter von 4 Jahren von seinem Gro\u00dfvater. In der Orchesterklasse der Edertalschule Frankenberg lernt er Posaune spielen und beginnt mit 14 Jahren seine pianistische Ausbildung an der Musikschule Frankenberg. Dar\u00fcber hinaus engagiert er sich in den Ch\u00f6ren der Schule als Korrepetitor und S\u00e4nger und sammelte als Dirigent und Klaviersolist Erfahrungen mit dem <a href=\"http:\/\/www.edertalschule.de\/schwerpunkt-musik\/orchester.html\" target=\"_blank\" rel=\"noopener\">Jugendsinfonieorchester der Edertalschule<\/a>.<\/p>\n<p class=\"card-text\">W\u00e4hrend der Schulzeit absolviert Benedikt Kantert eine kirchenmusikalische Ausbildung bei Daniel G\u00e1rdonyi an der Orgel und besucht Kurse in der Kirchenmusikalischen Fortbildungsst\u00e4tte in Schl\u00fcchtern.<\/p>\n<p>Als Gr\u00fcnder, k\u00fcnstlerischer Leiter und Dirigent bereichert er seit 2015 mit dem <a href=\"https:\/\/junges-ensemble-frankenberg.de\" target=\"_blank\" rel=\"noopener\">Jungen Ensemble Frankenberg<\/a> das musikalische Leben seiner Heimat.<\/p>\n<p class=\"card-text\">2015 f\u00fchrt ihn ein\u00a0Chor- und Ensembleleitungsstudium an der <a href=\"https:\/\/www.hmt-leipzig.de\/\" target=\"_blank\" rel=\"noopener\">Hochschule f\u00fcr Musik und Theater \u201eFelix Mendelssohn Bartholdy\u201c<\/a> nach Leipzig . Er erh\u00e4lt Unterricht bei Tobias L\u00f6bner, Ludwig B\u00f6hme und Prof. Roland B\u00f6rger (Dirigat), Prof. Dietmar Nawroth (Klavier) sowie in den F\u00e4chern Korrepetition bei Prof. Hartmut Hudezeck und Gesang bei Cornelia Entling. Wichtige Impulse bieten die Meisterkurse bei Prof. Friedericke Woebken (Hochschule f\u00fcr K\u00fcnste Bremen), Markus Detterbeck und Prof. Patrick Russil (Royal Academy of Music London).<\/p>\n<p>\u00a0Als Interimsleiter des Ensembles TonART Leipzig bereicherte Benedikt Kantert von Sommer 2018 bis Herbst 2019 das musikalische Leben des Chores.<\/p>\n<p><a href=\"http:\/\/tonart.h2798682.stratoserver.net\/wp-content\/uploads\/2019\/10\/Brahms-1.jpg\"><img loading=\"lazy\" decoding=\"async\" class=\"alignnone size-medium wp-image-977\" src=\"http:\/\/tonart.h2798682.stratoserver.net\/wp-content\/uploads\/2019\/10\/Brahms-1-300x200.jpg\" alt=\"\" width=\"300\" height=\"200\" \/><\/a><a href=\"http:\/\/tonart.h2798682.stratoserver.net\/wp-content\/uploads\/2019\/10\/Brahms-3.jpg\"><img loading=\"lazy\" decoding=\"async\" class=\"alignnone size-medium wp-image-979\" src=\"http:\/\/tonart.h2798682.stratoserver.net\/wp-content\/uploads\/2019\/10\/Brahms-3-300x200.jpg\" alt=\"\" width=\"300\" height=\"200\" \/><\/a><\/p>\n<p>Ein gro\u00dfartiger Abschluss der gemeinsamen Zeit ist das Bachelorabschluss-Konzert: Ein deutsches Requiem von Brahms am 6.10.2019 in der Peterskirche in Leipzig, gemeinsam mit dem Jungen Ensemble Frankenberg, Studierenden der <a href=\"https:\/\/www.hmt-leipzig.de\/\" target=\"_blank\" rel=\"noopener\">HMT<\/a> und dem Chor der <a href=\"https:\/\/www.htwk-leipzig.de\/en\/startseite\/\" target=\"_blank\" rel=\"noopener\">HTWK<\/a>.<\/p>\n<p>Fotos: \u00a9<a href=\"https:\/\/www.marcojohanning.de\/\" target=\"_blank\" rel=\"noopener\">Marco Johanning<\/a><\/p>\n","protected":false},"excerpt":{"rendered":"<p>Benedikt Kantert ist 1995 in Nordhessen geboren. Erste musikalische Impulse erh\u00e4lt er bereits im Alter von 4 Jahren von seinem Gro\u00dfvater. In der Orchesterklasse der Edertalschule Frankenberg lernt er Posaune spielen und beginnt mit 14 Jahren seine pianistische Ausbildung an der Musikschule Frankenberg. Dar\u00fcber hinaus engagiert er sich in den Ch\u00f6ren der Schule als Korrepetitor&hellip; <br \/> <a class=\"button small blue\" href=\"https:\/\/tonart-leipzig.de\/?page_id=773\">Weiterlesen<\/a><\/p>\n","protected":false},"author":3,"featured_media":748,"parent":48,"menu_order":0,"comment_status":"closed","ping_status":"closed","template":"","meta":{"footnotes":""},"class_list":["post-773","page","type-page","status-publish","has-post-thumbnail","hentry"],"_links":{"self":[{"href":"https:\/\/tonart-leipzig.de\/index.php?rest_route=\/wp\/v2\/pages\/773","targetHints":{"allow":["GET"]}}],"collection":[{"href":"https:\/\/tonart-leipzig.de\/index.php?rest_route=\/wp\/v2\/pages"}],"about":[{"href":"https:\/\/tonart-leipzig.de\/index.php?rest_route=\/wp\/v2\/types\/page"}],"author":[{"embeddable":true,"href":"https:\/\/tonart-leipzig.de\/index.php?rest_route=\/wp\/v2\/users\/3"}],"replies":[{"embeddable":true,"href":"https:\/\/tonart-leipzig.de\/index.php?rest_route=%2Fwp%2Fv2%2Fcomments&post=773"}],"version-history":[{"count":0,"href":"https:\/\/tonart-leipzig.de\/index.php?rest_route=\/wp\/v2\/pages\/773\/revisions"}],"up":[{"embeddable":true,"href":"https:\/\/tonart-leipzig.de\/index.php?rest_route=\/wp\/v2\/pages\/48"}],"wp:featuredmedia":[{"embeddable":true,"href":"https:\/\/tonart-leipzig.de\/index.php?rest_route=\/"}],"wp:attachment":[{"href":"https:\/\/tonart-leipzig.de\/index.php?rest_route=%2Fwp%2Fv2%2Fmedia&parent=773"}],"curies":[{"name":"wp","href":"https:\/\/api.w.org\/{rel}","templated":true}]}}